{"id":52,"date":"2021-01-05T12:40:25","date_gmt":"2021-01-05T12:40:25","guid":{"rendered":"http:\/\/deceroamotero.com\/index.php\/colibri-wp\/"},"modified":"2021-05-23T10:26:00","modified_gmt":"2021-05-23T10:26:00","slug":"colibri-wp","status":"publish","type":"page","link":"https:\/\/deceroamotero.com\/","title":{"rendered":"Inicio"},"content":{"rendered":"<div data-colibri-id=\"52-c1\" class=\"style-190 style-local-52-c1 position-relative\">\n  <!---->\n  <div data-colibri-component=\"section\" data-colibri-id=\"52-c2\" id=\"cta\" class=\"h-section h-section-global-spacing d-flex align-items-lg-center align-items-md-center align-items-center style-279 style-local-52-c2 position-relative\">\n    <!---->\n    <!---->\n    <div class=\"h-section-grid-container h-section-boxed-container\">\n      <!---->\n      <div data-colibri-id=\"52-c3\" class=\"h-row-container gutters-row-lg-2 gutters-row-md-2 gutters-row-0 gutters-row-v-lg-2 gutters-row-v-md-2 gutters-row-v-2 style-280 style-local-52-c3 position-relative\">\n        <!---->\n        <div class=\"h-row justify-content-lg-center justify-content-md-center justify-content-center align-items-lg-stretch align-items-md-stretch align-items-stretch gutters-col-lg-2 gutters-col-md-2 gutters-col-0 gutters-col-v-lg-2 gutters-col-v-md-2 gutters-col-v-2\">\n          <!---->\n          <div class=\"h-column h-column-container d-flex h-col-lg h-col-md h-col-auto style-281-outer style-local-52-c4-outer\">\n            <div data-colibri-id=\"52-c4\" class=\"d-flex h-flex-basis h-column__inner h-px-lg-0 h-px-md-0 h-px-2 v-inner-lg-0 v-inner-md-0 v-inner-2 style-281 style-local-52-c4 position-relative\">\n              <!---->\n              <!---->\n              <div class=\"w-100 h-y-container h-column__content h-column__v-align flex-basis-100 align-self-lg-center align-self-md-center align-self-center\">\n                <!---->\n                <div data-colibri-id=\"52-c5\" class=\"h-global-transition-all h-heading style-282 style-local-52-c5 position-relative h-element\">\n                  <!---->\n                  <div class=\"h-heading__outer style-282 style-local-52-c5\">\n                    <!---->\n                    <!---->\n                    <h2 class=\"\">Suscr\u00edbete a nuestro canal!<\/h2>\n                  <\/div>\n                <\/div>\n              <\/div>\n            <\/div>\n          <\/div>\n          <div class=\"h-column h-column-container d-flex h-col-lg-auto h-col-md-auto h-col-auto style-283-outer style-local-52-c6-outer\">\n            <div data-colibri-id=\"52-c6\" class=\"d-flex h-flex-basis h-column__inner h-px-lg-0 h-px-md-0 h-px-2 v-inner-lg-0 v-inner-md-0 v-inner-2 style-283 style-local-52-c6 position-relative\">\n              <!---->\n              <!---->\n              <div class=\"w-100 h-y-container h-column__content h-column__v-align flex-basis-auto align-self-lg-center align-self-md-center align-self-center\">\n                <!---->\n                <div data-colibri-id=\"52-c7\" class=\"h-x-container style-284 style-local-52-c7 position-relative h-element\">\n                  <!---->\n                  <div class=\"h-x-container-inner style-dynamic-52-c7-group style-284-spacing style-local-52-c7-spacing\"><span class=\"h-button__outer style-285-outer style-local-52-c8-outer d-inline-flex h-element\"><a h-use-smooth-scroll=\"true\" href=\"https:\/\/www.youtube.com\/c\/deceroamotero?sub_confirmation=1\"  data-colibri-id=\"52-c8\" class=\"d-flex w-100 align-items-center h-button justify-content-lg-center justify-content-md-center justify-content-center style-285 style-local-52-c8 position-relative\"><!----><!----> <span>Suscribirse<\/span><\/a>\n                    <\/span>\n                  <\/div>\n                <\/div>\n              <\/div>\n            <\/div>\n          <\/div>\n        <\/div>\n      <\/div>\n    <\/div>\n  <\/div>\n<\/div>","protected":false},"excerpt":{"rendered":"<p>Suscr\u00edbete a nuestro canal! Suscribirse<\/p>\n","protected":false},"author":1,"featured_media":0,"parent":0,"menu_order":0,"comment_status":"closed","ping_status":"closed","template":"page-templates\/homepage.php","meta":{"footnotes":""},"class_list":["post-52","page","type-page","status-publish","hentry"],"yoast_head":"<!-- This site is optimized with the Yoast SEO plugin v25.6 - https:\/\/yoast.com\/wordpress\/plugins\/seo\/ -->\n<title>Inicio - DE CERO A MOTERO<\/title>\n<meta name=\"description\" content=\"Aqu\u00ed encontras toda la informaci\u00f3n que necesites para empezar en el mundo de las dos ruedas. Las motos son nuestra pasi\u00f3n.\" \/>\n<meta name=\"robots\" content=\"index, follow, max-snippet:-1, max-image-preview:large, max-video-preview:-1\" \/>\n<link rel=\"canonical\" href=\"https:\/\/deceroamotero.com\/\" \/>\n<meta property=\"og:locale\" content=\"es_ES\" \/>\n<meta property=\"og:type\" content=\"article\" \/>\n<meta property=\"og:title\" content=\"Inicio - DE CERO A MOTERO\" \/>\n<meta property=\"og:description\" content=\"Aqu\u00ed encontras toda la informaci\u00f3n que necesites para empezar en el mundo de las dos ruedas. Las motos son nuestra pasi\u00f3n.\" \/>\n<meta property=\"og:url\" content=\"https:\/\/deceroamotero.com\/\" \/>\n<meta property=\"og:site_name\" content=\"DE CERO A MOTERO\" \/>\n<meta property=\"article:publisher\" content=\"https:\/\/www.facebook.com\/deceroamotero\" \/>\n<meta property=\"article:modified_time\" content=\"2021-05-23T10:26:00+00:00\" \/>\n<meta name=\"twitter:card\" content=\"summary_large_image\" \/>\n<meta name=\"twitter:site\" content=\"@deceroamotero\" \/>\n<script type=\"application\/ld+json\" class=\"yoast-schema-graph\">{\"@context\":\"https:\/\/schema.org\",\"@graph\":[{\"@type\":\"WebPage\",\"@id\":\"https:\/\/deceroamotero.com\/\",\"url\":\"https:\/\/deceroamotero.com\/\",\"name\":\"Inicio - DE CERO A MOTERO\",\"isPartOf\":{\"@id\":\"https:\/\/deceroamotero.com\/#website\"},\"datePublished\":\"2021-01-05T12:40:25+00:00\",\"dateModified\":\"2021-05-23T10:26:00+00:00\",\"description\":\"Aqu\u00ed encontras toda la informaci\u00f3n que necesites para empezar en el mundo de las dos ruedas. Las motos son nuestra pasi\u00f3n.\",\"breadcrumb\":{\"@id\":\"https:\/\/deceroamotero.com\/#breadcrumb\"},\"inLanguage\":\"es\",\"potentialAction\":[{\"@type\":\"ReadAction\",\"target\":[\"https:\/\/deceroamotero.com\/\"]}]},{\"@type\":\"BreadcrumbList\",\"@id\":\"https:\/\/deceroamotero.com\/#breadcrumb\",\"itemListElement\":[{\"@type\":\"ListItem\",\"position\":1,\"name\":\"Portada\",\"item\":\"https:\/\/deceroamotero.com\/\"},{\"@type\":\"ListItem\",\"position\":2,\"name\":\"Inicio\"}]},{\"@type\":\"WebSite\",\"@id\":\"https:\/\/deceroamotero.com\/#website\",\"url\":\"https:\/\/deceroamotero.com\/\",\"name\":\"DE CERO A MOTERO\",\"description\":\"In\u00edciate con nosotros\",\"publisher\":{\"@id\":\"https:\/\/deceroamotero.com\/#organization\"},\"potentialAction\":[{\"@type\":\"SearchAction\",\"target\":{\"@type\":\"EntryPoint\",\"urlTemplate\":\"https:\/\/deceroamotero.com\/?s={search_term_string}\"},\"query-input\":{\"@type\":\"PropertyValueSpecification\",\"valueRequired\":true,\"valueName\":\"search_term_string\"}}],\"inLanguage\":\"es\"},{\"@type\":\"Organization\",\"@id\":\"https:\/\/deceroamotero.com\/#organization\",\"name\":\"De cero a motero\",\"url\":\"https:\/\/deceroamotero.com\/\",\"logo\":{\"@type\":\"ImageObject\",\"inLanguage\":\"es\",\"@id\":\"https:\/\/deceroamotero.com\/#\/schema\/logo\/image\/\",\"url\":\"https:\/\/deceroamotero.com\/wp-content\/uploads\/2021\/01\/cropped-LogoFondoTransparente_SIN-LETRAS_512PX.png\",\"contentUrl\":\"https:\/\/deceroamotero.com\/wp-content\/uploads\/2021\/01\/cropped-LogoFondoTransparente_SIN-LETRAS_512PX.png\",\"width\":512,\"height\":225,\"caption\":\"De cero a motero\"},\"image\":{\"@id\":\"https:\/\/deceroamotero.com\/#\/schema\/logo\/image\/\"},\"sameAs\":[\"https:\/\/www.facebook.com\/deceroamotero\",\"https:\/\/x.com\/deceroamotero\",\"https:\/\/www.instagram.com\/deceroamotero\/\",\"https:\/\/www.youtube.com\/c\/deceroamotero\"]}]}<\/script>\n<!-- \/ Yoast SEO plugin. -->","yoast_head_json":{"title":"Inicio - DE CERO A MOTERO","description":"Aqu\u00ed encontras toda la informaci\u00f3n que necesites para empezar en el mundo de las dos ruedas. Las motos son nuestra pasi\u00f3n.","robots":{"index":"index","follow":"follow","max-snippet":"max-snippet:-1","max-image-preview":"max-image-preview:large","max-video-preview":"max-video-preview:-1"},"canonical":"https:\/\/deceroamotero.com\/","og_locale":"es_ES","og_type":"article","og_title":"Inicio - DE CERO A MOTERO","og_description":"Aqu\u00ed encontras toda la informaci\u00f3n que necesites para empezar en el mundo de las dos ruedas. Las motos son nuestra pasi\u00f3n.","og_url":"https:\/\/deceroamotero.com\/","og_site_name":"DE CERO A MOTERO","article_publisher":"https:\/\/www.facebook.com\/deceroamotero","article_modified_time":"2021-05-23T10:26:00+00:00","twitter_card":"summary_large_image","twitter_site":"@deceroamotero","schema":{"@context":"https:\/\/schema.org","@graph":[{"@type":"WebPage","@id":"https:\/\/deceroamotero.com\/","url":"https:\/\/deceroamotero.com\/","name":"Inicio - DE CERO A MOTERO","isPartOf":{"@id":"https:\/\/deceroamotero.com\/#website"},"datePublished":"2021-01-05T12:40:25+00:00","dateModified":"2021-05-23T10:26:00+00:00","description":"Aqu\u00ed encontras toda la informaci\u00f3n que necesites para empezar en el mundo de las dos ruedas. Las motos son nuestra pasi\u00f3n.","breadcrumb":{"@id":"https:\/\/deceroamotero.com\/#breadcrumb"},"inLanguage":"es","potentialAction":[{"@type":"ReadAction","target":["https:\/\/deceroamotero.com\/"]}]},{"@type":"BreadcrumbList","@id":"https:\/\/deceroamotero.com\/#breadcrumb","itemListElement":[{"@type":"ListItem","position":1,"name":"Portada","item":"https:\/\/deceroamotero.com\/"},{"@type":"ListItem","position":2,"name":"Inicio"}]},{"@type":"WebSite","@id":"https:\/\/deceroamotero.com\/#website","url":"https:\/\/deceroamotero.com\/","name":"DE CERO A MOTERO","description":"In\u00edciate con nosotros","publisher":{"@id":"https:\/\/deceroamotero.com\/#organization"},"potentialAction":[{"@type":"SearchAction","target":{"@type":"EntryPoint","urlTemplate":"https:\/\/deceroamotero.com\/?s={search_term_string}"},"query-input":{"@type":"PropertyValueSpecification","valueRequired":true,"valueName":"search_term_string"}}],"inLanguage":"es"},{"@type":"Organization","@id":"https:\/\/deceroamotero.com\/#organization","name":"De cero a motero","url":"https:\/\/deceroamotero.com\/","logo":{"@type":"ImageObject","inLanguage":"es","@id":"https:\/\/deceroamotero.com\/#\/schema\/logo\/image\/","url":"https:\/\/deceroamotero.com\/wp-content\/uploads\/2021\/01\/cropped-LogoFondoTransparente_SIN-LETRAS_512PX.png","contentUrl":"https:\/\/deceroamotero.com\/wp-content\/uploads\/2021\/01\/cropped-LogoFondoTransparente_SIN-LETRAS_512PX.png","width":512,"height":225,"caption":"De cero a motero"},"image":{"@id":"https:\/\/deceroamotero.com\/#\/schema\/logo\/image\/"},"sameAs":["https:\/\/www.facebook.com\/deceroamotero","https:\/\/x.com\/deceroamotero","https:\/\/www.instagram.com\/deceroamotero\/","https:\/\/www.youtube.com\/c\/deceroamotero"]}]}},"_links":{"self":[{"href":"https:\/\/deceroamotero.com\/index.php\/wp-json\/wp\/v2\/pages\/52"}],"collection":[{"href":"https:\/\/deceroamotero.com\/index.php\/wp-json\/wp\/v2\/pages"}],"about":[{"href":"https:\/\/deceroamotero.com\/index.php\/wp-json\/wp\/v2\/types\/page"}],"author":[{"embeddable":true,"href":"https:\/\/deceroamotero.com\/index.php\/wp-json\/wp\/v2\/users\/1"}],"replies":[{"embeddable":true,"href":"https:\/\/deceroamotero.com\/index.php\/wp-json\/wp\/v2\/comments?post=52"}],"version-history":[{"count":21,"href":"https:\/\/deceroamotero.com\/index.php\/wp-json\/wp\/v2\/pages\/52\/revisions"}],"predecessor-version":[{"id":789,"href":"https:\/\/deceroamotero.com\/index.php\/wp-json\/wp\/v2\/pages\/52\/revisions\/789"}],"wp:attachment":[{"href":"https:\/\/deceroamotero.com\/index.php\/wp-json\/wp\/v2\/media?parent=52"}],"curies":[{"name":"wp","href":"https:\/\/api.w.org\/{rel}","templated":true}]}}